{"id":9750,"date":"2022-08-31T18:55:48","date_gmt":"2022-08-31T16:55:48","guid":{"rendered":"https:\/\/www.viviorvietano.live\/comunediparrano\/?page_id=9750"},"modified":"2022-08-31T18:56:15","modified_gmt":"2022-08-31T16:56:15","slug":"privacy-policy","status":"publish","type":"page","link":"https:\/\/www.viviorvietano.live\/comunediparrano\/privacy-policy\/","title":{"rendered":"Privacy Policy"},"content":{"rendered":"[vc_row][vc_column][vc_empty_space height=&#8221;60px&#8221;][vc_column_text]\n<div class=\"cli_pg_page_contaner\">\n<h3>INFORMATIVA SUL TRATTAMENTO DEI DATI PERSONALI FORNITI (AI SENSI DELL\u2019ART. 13 DEL REGOLAMENTO UE 2016\/679) &#8211; AGGIORNATA AL 28\/06\/2018<\/h3>\n<div>\n<p>La presente informativa \u00e8 rivolta alle persone fisiche che, in quanto titolari di attivit\u00e0, si iscrivono nel sistema di Gestione della web app VIVIORVIETANO per accedere ai servizi di promo- commercializzazione ivi gestiti, ai consumatori che prenotano e\/o acquistano esperienze e a tutti i visitatori del sito web.<\/p>\n<p><strong>Titolari del trattamento sono i comuni di Allerona, Baschi, Castel Giorgio, Castel Viscardo, Fabro, Ficulle, Monteleone d\u2019Orvieto e Parrano.<\/strong><\/p>\n<p><strong>Dati di contatto del responsabile della protezione dei dati dei Comuni<\/strong><br \/>\ne-mail dpo@comune.ficulle.tr.it (di raccordo tra gli enti)<\/p>\n<\/div>\n<h3>FINALIT\u00c0 E BASE GIURIDICA DEL TRATTAMENTO<\/h3>\n<div>\n<p>I dati personali da Lei volontariamente conferiti verranno trattati con il suo esplicito consenso esclusivamente:<\/p>\n<ol style=\"list-style-type: lower-alpha;\">\n<li>per la finalit\u00e0 di usufruire dei servizi di promo commercializzazione messi a disposizione dai Comuni di Allerona, Baschi, Castel Giorgio, Castel Viscardo, Fabro, Ficulle, Monteleone d\u2019Orvieto e Parrano attraverso il sistema di Gestione dell&#8217;Offerta Turistica VIVIORVIETANO (www.viviorvietano.live);<\/li>\n<li>per la finalit\u00e0 di ricevere le informazioni;<\/li>\n<li>gestire contenziosi, prevenire frodi ed attivit\u00e0 illecite;<\/li>\n<li>esercitare i diritti e tutelare gli interessi legittimi del titolare o di terzi titolari ad esempio il diritto di difesa in giudizio.<\/li>\n<\/ol>\n<p>La base giuridica del trattamento ai sensi dell\u2019art.6 del Reg. UE 679\/2016 \u00e8:<\/p>\n<ul>\n<li>per i punti a) e b) \u00e8 il suo consenso espressamente e liberamente concesso con la richiesta di accreditamento;<\/li>\n<li>per i punti c) e d) il trattamento \u00e8 necessario al perseguimento del legittimo interesse del titolare.<\/li>\n<\/ul>\n<p><strong>In mancanza del suo consenso al trattamento non potr\u00e0 darsi luogo all\u2019accreditamento.<\/strong><\/p>\n<p>Categorie di soggetti ai quali i dati personali possono essere comunicati o che possono venirne a conoscenza in qualit\u00e0 di Responsabili o Incaricati<br \/>\nI suoi dati saranno diffusi e pertanto resi disponibili ai soggetti interessati alla sua offerta nella sezione \u201cprenota\u201d del portale umbriatourism.it<br \/>\nI suoi dati potranno essere comunicati al personale del Titolare e del Responsabile incaricati del trattamento, a soggetti esterni comunque funzionali all\u2019espletamento delle finalit\u00e0 del trattamento; tali soggetti sono incaricati quali responsabili esterni ai sensi dell\u2019art. 28 del Reg. UE 679\/2016.<br \/>\nAlcuni dati potranno essere oggetto di trasmissione ad eventuali controinteressati a seguito di legittimo accesso agli atti.<\/p>\n<\/div>\n<h3>MODALIT\u00c0 DEL TRATTAMENTO<\/h3>\n<div>\n<p>In relazione alle finalit\u00e0 di cui sopra, il trattamento dei dati personali avverr\u00e0 con modalit\u00e0 informatiche mediante la piattaforma \u201cVIVIORVIETANO\u201d. In ogni caso, sar\u00e0 garantita la sicurezza logica e fisica dei dati e, in generale, la riservatezza dei dati personali trattati, mettendo in atto tutte le necessarie misure tecniche e organizzative adeguate a garantire la loro sicurezza.<\/p>\n<\/div>\n<h4>Trasferimento dei dati all\u2019estero<\/h4>\n<div>\n<p>I suoi dati NON sono oggetto di diffusione in paesi extra UE.<\/p>\n<\/div>\n<h4>Durata del Trattamento<\/h4>\n<div>\n<p>I suoi dati personali raccolti per le finalit\u00e0 indicate sopra saranno trattati e conservati per il tempo strettamente necessario corrispondente alla durata del servizio offerto dal portale VIVIORVIETANO dei termini prescrizionali nonch\u00e9 di quelli collegati agli ulteriori adempimenti di legge.<\/p>\n<h4>Diritti dell\u2019interessato<\/h4>\n<div>\n<p>In conformit\u00e0 a quanto previsto nel Capo III, Sezione I del Reg. UE 679\/2016, Lei pu\u00f2 esercitare i diritti ivi indicati ed in particolare:<\/p>\n<ul>\n<li><strong>Diritto di accesso<\/strong> &#8211; Ottenere conferma che sia o meno in corso un trattamento di dati personali che La riguardano e, in tal caso, ricevere informazioni relative, in particolare, a: finalit\u00e0 del trattamento, categorie di dati personali trattati e periodo di conservazione, destinatari cui questi possono essere comunicati (articolo 15, GDPR);<\/li>\n<li><strong>Diritto di rettifica<\/strong> &#8211; Ottenere, senza ingiustificato ritardo, la rettifica dei dati personali inesatti che La riguardano e l\u2019integrazione dei dati personali incompleti (articolo 16, GDPR);<\/li>\n<li><strong>Diritto alla cancellazione<\/strong> &#8211; Ottenere, senza ingiustificato ritardo, la cancellazione dei dati personali che La riguardano, nei casi previsti dal GDPR (articolo 17, GDPR);<\/li>\n<li><strong>Diritto di limitazione<\/strong> &#8211; Ottenere dai Contitolari la limitazione del trattamento, nei casi previsti dal GDPR (articolo 18, GDPR);<\/li>\n<li><strong>Diritto alla portabilit\u00e0<\/strong> &#8211; Ricevere in un formato strutturato, di uso comune e leggibile da un dispositivo automatico, i dati personali che La riguardano forniti ai Contitolari, nonch\u00e9 ottenere che gli stessi siano trasmessi ad altro titolare senza impedimenti, nei casi previsti dal GDPR (articolo 20, GDPR);<\/li>\n<li><strong>Diritto di opposizione<\/strong> &#8211; Opporsi al trattamento dei dati personali che La riguardano, salvo che sussistano motivi legittimi per i Contitolari di continuare il trattamento (articolo 21, GDPR);<\/li>\n<li><strong>Diritto di proporre reclamo all\u2019autorit\u00e0 di controllo<\/strong> &#8211; Proporre reclamo all\u2019Autorit\u00e0 Garante per la protezione dei dati personali, Piazza di Montecitorio n. 121, 00186, Roma (RM).<\/li>\n<\/ul>\n<p>Lei potr\u00e0 esercitare tali diritti mediante il semplice invio di una richiesta via e-mail all\u2019indirizzo del Responsabile della protezione dei dati, dpo@regione.umbria.it.<\/p>\n<\/div>\n<\/div>\n<\/div>\n[\/vc_column_text][\/vc_column][\/vc_row]\n","protected":false},"excerpt":{"rendered":"<p>[vc_row][vc_column][vc_empty_space height=&#8221;60px&#8221;][vc_column_text] INFORMATIVA SUL TRATTAMENTO DEI DATI PERSONALI FORNITI (AI SENSI DELL\u2019ART. 13 DEL REGOLAMENTO UE 2016\/679) &#8211; AGGIORNATA AL 28\/06\/2018 La presente informativa \u00e8 rivolta alle persone fisiche che, in quanto titolari di attivit\u00e0, si iscrivono nel sistema di Gestione della web app VIVIORVIETANO per accedere ai servizi di promo- commercializzazione ivi gestiti, ai [&hellip;]<\/p>\n","protected":false},"author":1,"featured_media":0,"parent":0,"menu_order":0,"comment_status":"closed","ping_status":"closed","template":"template-home-modern.php","meta":{"inline_featured_image":false,"footnotes":"","_links_to":"","_links_to_target":""},"class_list":["post-9750","page","type-page","status-publish","has-post-thumbnail","hentry"],"_links":{"self":[{"href":"https:\/\/www.viviorvietano.live\/comunediparrano\/wp-json\/wp\/v2\/pages\/9750","targetHints":{"allow":["GET"]}}],"collection":[{"href":"https:\/\/www.viviorvietano.live\/comunediparrano\/wp-json\/wp\/v2\/pages"}],"about":[{"href":"https:\/\/www.viviorvietano.live\/comunediparrano\/wp-json\/wp\/v2\/types\/page"}],"author":[{"embeddable":true,"href":"https:\/\/www.viviorvietano.live\/comunediparrano\/wp-json\/wp\/v2\/users\/1"}],"replies":[{"embeddable":true,"href":"https:\/\/www.viviorvietano.live\/comunediparrano\/wp-json\/wp\/v2\/comments?post=9750"}],"version-history":[{"count":1,"href":"https:\/\/www.viviorvietano.live\/comunediparrano\/wp-json\/wp\/v2\/pages\/9750\/revisions"}],"predecessor-version":[{"id":9751,"href":"https:\/\/www.viviorvietano.live\/comunediparrano\/wp-json\/wp\/v2\/pages\/9750\/revisions\/9751"}],"wp:attachment":[{"href":"https:\/\/www.viviorvietano.live\/comunediparrano\/wp-json\/wp\/v2\/media?parent=9750"}],"curies":[{"name":"wp","href":"https:\/\/api.w.org\/{rel}","templated":true}]}}

[vc_row][vc_column][vc_empty_space height=&#8221;60px&#8221;][vc_column_text]
<div class="cli_pg_page_contaner">
<h3>INFORMATIVA SUL TRATTAMENTO DEI DATI PERSONALI FORNITI (AI SENSI DELL’ART. 13 DEL REGOLAMENTO UE 2016/679) &#8211; AGGIORNATA AL 28/06/2018</h3>
<div>
<p>La presente informativa è rivolta alle persone fisiche che, in quanto titolari di attività, si iscrivono nel sistema di Gestione della web app VIVIORVIETANO per accedere ai servizi di promo- commercializzazione ivi gestiti, ai consumatori che prenotano e/o acquistano esperienze e a tutti i visitatori del sito web.</p>
<p><strong>Titolari del trattamento sono i comuni di Allerona, Baschi, Castel Giorgio, Castel Viscardo, Fabro, Ficulle, Monteleone d’Orvieto e Parrano.</strong></p>
<p><strong>Dati di contatto del responsabile della protezione dei dati dei Comuni</strong><br />
e-mail dpo@comune.ficulle.tr.it (di raccordo tra gli enti)</p>
</div>
<h3>FINALITÀ E BASE GIURIDICA DEL TRATTAMENTO</h3>
<div>
<p>I dati personali da Lei volontariamente conferiti verranno trattati con il suo esplicito consenso esclusivamente:</p>
<ol style="list-style-type: lower-alpha;">
<li>per la finalità di usufruire dei servizi di promo commercializzazione messi a disposizione dai Comuni di Allerona, Baschi, Castel Giorgio, Castel Viscardo, Fabro, Ficulle, Monteleone d’Orvieto e Parrano attraverso il sistema di Gestione dell&#8217;Offerta Turistica VIVIORVIETANO (www.viviorvietano.live);</li>
<li>per la finalità di ricevere le informazioni;</li>
<li>gestire contenziosi, prevenire frodi ed attività illecite;</li>
<li>esercitare i diritti e tutelare gli interessi legittimi del titolare o di terzi titolari ad esempio il diritto di difesa in giudizio.</li>
</ol>
<p>La base giuridica del trattamento ai sensi dell’art.6 del Reg. UE 679/2016 è:</p>
<ul>
<li>per i punti a) e b) è il suo consenso espressamente e liberamente concesso con la richiesta di accreditamento;</li>
<li>per i punti c) e d) il trattamento è necessario al perseguimento del legittimo interesse del titolare.</li>
</ul>
<p><strong>In mancanza del suo consenso al trattamento non potrà darsi luogo all’accreditamento.</strong></p>
<p>Categorie di soggetti ai quali i dati personali possono essere comunicati o che possono venirne a conoscenza in qualità di Responsabili o Incaricati<br />
I suoi dati saranno diffusi e pertanto resi disponibili ai soggetti interessati alla sua offerta nella sezione “prenota” del portale umbriatourism.it<br />
I suoi dati potranno essere comunicati al personale del Titolare e del Responsabile incaricati del trattamento, a soggetti esterni comunque funzionali all’espletamento delle finalità del trattamento; tali soggetti sono incaricati quali responsabili esterni ai sensi dell’art. 28 del Reg. UE 679/2016.<br />
Alcuni dati potranno essere oggetto di trasmissione ad eventuali controinteressati a seguito di legittimo accesso agli atti.</p>
</div>
<h3>MODALITÀ DEL TRATTAMENTO</h3>
<div>
<p>In relazione alle finalità di cui sopra, il trattamento dei dati personali avverrà con modalità informatiche mediante la piattaforma “VIVIORVIETANO”. In ogni caso, sarà garantita la sicurezza logica e fisica dei dati e, in generale, la riservatezza dei dati personali trattati, mettendo in atto tutte le necessarie misure tecniche e organizzative adeguate a garantire la loro sicurezza.</p>
</div>
<h4>Trasferimento dei dati all’estero</h4>
<div>
<p>I suoi dati NON sono oggetto di diffusione in paesi extra UE.</p>
</div>
<h4>Durata del Trattamento</h4>
<div>
<p>I suoi dati personali raccolti per le finalità indicate sopra saranno trattati e conservati per il tempo strettamente necessario corrispondente alla durata del servizio offerto dal portale VIVIORVIETANO dei termini prescrizionali nonché di quelli collegati agli ulteriori adempimenti di legge.</p>
<h4>Diritti dell’interessato</h4>
<div>
<p>In conformità a quanto previsto nel Capo III, Sezione I del Reg. UE 679/2016, Lei può esercitare i diritti ivi indicati ed in particolare:</p>
<ul>
<li><strong>Diritto di accesso</strong> &#8211; Ottenere conferma che sia o meno in corso un trattamento di dati personali che La riguardano e, in tal caso, ricevere informazioni relative, in particolare, a: finalità del trattamento, categorie di dati personali trattati e periodo di conservazione, destinatari cui questi possono essere comunicati (articolo 15, GDPR);</li>
<li><strong>Diritto di rettifica</strong> &#8211; Ottenere, senza ingiustificato ritardo, la rettifica dei dati personali inesatti che La riguardano e l’integrazione dei dati personali incompleti (articolo 16, GDPR);</li>
<li><strong>Diritto alla cancellazione</strong> &#8211; Ottenere, senza ingiustificato ritardo, la cancellazione dei dati personali che La riguardano, nei casi previsti dal GDPR (articolo 17, GDPR);</li>
<li><strong>Diritto di limitazione</strong> &#8211; Ottenere dai Contitolari la limitazione del trattamento, nei casi previsti dal GDPR (articolo 18, GDPR);</li>
<li><strong>Diritto alla portabilità</strong> &#8211; Ricevere in un formato strutturato, di uso comune e leggibile da un dispositivo automatico, i dati personali che La riguardano forniti ai Contitolari, nonché ottenere che gli stessi siano trasmessi ad altro titolare senza impedimenti, nei casi previsti dal GDPR (articolo 20, GDPR);</li>
<li><strong>Diritto di opposizione</strong> &#8211; Opporsi al trattamento dei dati personali che La riguardano, salvo che sussistano motivi legittimi per i Contitolari di continuare il trattamento (articolo 21, GDPR);</li>
<li><strong>Diritto di proporre reclamo all’autorità di controllo</strong> &#8211; Proporre reclamo all’Autorità Garante per la protezione dei dati personali, Piazza di Montecitorio n. 121, 00186, Roma (RM).</li>
</ul>
<p>Lei potrà esercitare tali diritti mediante il semplice invio di una richiesta via e-mail all’indirizzo del Responsabile della protezione dei dati, dpo@regione.umbria.it.</p>
</div>
</div>
</div>
[/vc_column_text][/vc_column][/vc_row]

<p>[vc_row][vc_column][vc_empty_space height=&#8221;60px&#8221;][vc_column_text] INFORMATIVA SUL TRATTAMENTO DEI DATI PERSONALI FORNITI (AI SENSI DELL’ART. 13 DEL REGOLAMENTO UE 2016/679) &#8211; AGGIORNATA AL 28/06/2018 La presente informativa è rivolta alle persone fisiche che, in quanto titolari di attività, si iscrivono nel sistema di Gestione della web app VIVIORVIETANO per accedere ai servizi di promo- commercializzazione ivi gestiti, ai [&hellip;]</p>
